s digit of 580311503?
1
What is the units digit of 313675303?
3
What is the hundred thousands digit of 485450575?
4
What is the billions digit of 3898865015?
3
What is the tens digit of 279059230?
3
What is the hundreds digit of 554998830?
8
What is the tens digit of 637596390?
9
What is the ten thousands digit of 259925514?
2
What is the ten millions digit of 50540439?
5
What is the ten millions digit of 81111967?
8
What is the millions digit of 263362938?
3
What is the ten millions digit of 92659400?
9
What is the ten millions digit of 11814464?
1
What is the hundred millions digit of 215104912?
2
What is the hundreds digit of 365521490?
4
What is the units digit of 521166867?
7
What is the millions digit of 61471677?
1
What is the hundreds digit of 239597179?
1
What is the hundred millions digit of 284669271?
2
What is the hundred millions digit of 1003030004?
0
What is the hundreds digit of 592415710?
7
What is the thousands digit of 21894160?
4
What is the hundred thousands digit of 1887303493?
3
What is the hundred thousands digit of 1200939065?
9
What is the millions digit of 6574850668?
4
What is the millions digit of 15120145?
5
What is the ten thousands digit of 3477228590?
2
What is the hundreds digit of 18163368?
3
What is the billions digit of 4416398802?
4
What is the thousands digit of 2423816541?
6
What is the thousands digit of 418809662?
9
What is the hundred thousands digit of 53462594?
4
What is the tens digit of 13278802?
0
What is the ten millions digit of 307651565?
0
What is the units digit of 50356322?
2
What is the hundred thousands digit of 45052093?
0
What is the ten thousands digit of 457683718?
8
What is the millions digit of 103841505?
3
What is the hundreds digit of 1739939060?
0
What is the millions digit of 340577618?
0
What is the tens digit of 52212971?
7
What is the units digit of 101964624?
4
What is the ten thousands digit of 209313427?
1
What is the ten millions digit of 3184795002?
8
What is the ten thousands digit of 845425325?
2
What is the thousands digit of 4012209110?
9
What is the hundreds digit of 474975440?
4
What is the hundred thousands digit of 25566517?
5
What is the hundred millions digit of 666170771?
6
What is the ten millions digit of 20142924?
2
What is the ten thousands digit of 275246315?
4
What is the hundred millions digit of 422187100?
4
What is the ten millions digit of 903392604?
0
What is the thousands digit of 324992120?
2
What is the thousands digit of 512735567?
5
What is the ten millions digit of 1992157662?
9
What is the ten thousands digit of 857914887?
1
What is the millions digit of 110210013?
0
What is the units digit of 813585709?
9
What is the hundred thousands digit of 52690747?
6
What is the hundreds digit of 2492914656?
6
What is the ten millions digit of 356755292?
5
What is the ten thousands digit of 98827289?
2
What is the hundreds digit of 945894550?
5
What is the ten thousands digit of 131672578?
7
What is the hundred thousands digit of 1462958427?
9
What is the ten thousands digit of 177388989?
8
What is the ten thousands digit of 1130983264?
8
What is the tens digit of 41384465?
6
What is the hundred thousands digit of 843845557?
8
What is the millions digit of 11351891?
1
What is the ten thousands digit of 2653587118?
8
What is the ten millions digit of 282275628?
8
What is the thousands digit of 638385242?
5
What is the hundreds digit of 1289824042?
0
What is the tens digit of 654066311?
1
What is the thousands digit of 46449297?
9
What is the hundreds digit of 108159482?
4
What is the hundred thousands digit of 59107061?
1
What is the tens digit of 106064451?
5
What is the ten millions digit of 90663322?
9
What is the hundred millions digit of 308246649?
3
What is the millions digit of 846281489?
6
What is the ten thousands digit of 240505432?
0
What is the tens digit of 749535209?
0
What is the units digit of 276652631?
1
What is the hundreds digit of 142746446?
4
What is the ten thousands digit of 462287191?
8
What is the millions digit of 3498414208?
8
What is the hundred millions digit of 442734493?
4
What is the ten thousands digit of 96231596?
3
What is the millions digit of 48369824?
8
What is the units digit of 160177499?
9
What is the ten millions digit of 93296853?
9
What is the ten thousands digit of 35776220?
7
What is the thousands digit of 848089314?
9
What is the hundreds digit of 1858168657?
6
What is the billions digit of 6785502807?
6
What is the thousands digit of 159005740?
5
What is the hundred millions digit of 296037057?
2
What is the ten millions digit of 586640645?
8
What is the hundred thousands digit of 3017967631?
9
What is the hundreds digit of 2587949603?
6
What is the millions digit of 451425873?
1
What is the units digit of 473292278?
8
What is the thousands digit of 69169463?
9
What is the thousands digit of 14705754?
5
What is the tens digit of 96805492?
9
What is the hundred millions digit of 403171239?
4
What is the hundred millions digit of 304938046?
3
What is the millions digit of 956717336?
6
What is the tens digit of 179341304?
0
What is the hundred thousands digit of 124295998?
2
What is the hundred thousands digit of 533845185?
8
What is the units digit of 763342293?
3
What is the tens digit of 2585630376?
7
What is the hundred thousands digit of 37694416?
6
What is the ten millions digit of 85298985?
8
What is the millions digit of 185125130?
5
What is the ten millions digit of 1304229082?
0
What is the hundreds digit of 1365368699?
6
What is the hundred thousands digit of 34504627?
5
What is the millions digit of 1189895435?
9
What is the ten millions digit of 348397129?
4
What is the tens digit of 95938211?
1
What is the thousands digit of 5493224987?
4
What is the hundreds digit of 3044546639?
6
What is the thousands digit of 1180140622?
0
What is the units digit of 190005469?
9
What is the thousands digit of 70007592?
7
What is the hundred millions digit of 323409368?
3
What is the millions digit of 178996631?
8
What is the millions digit of 789973905?
9
What is the millions digit of 203201759?
3
What is the millions digit of 154359946?
4
What is the hundred thousands digit of 2667031329?
0
What is the ten millions digit of 141228214?
4
What is the units digit of 81773653?
3
What is the hundred millions digit of 159912325?
1
What is the ten millions digit of 78295583?
7
What is the tens digit of 1060689048?
4
What is the thousands digit of 27602575?
2
What is the billions digit of 2187995074?
2
What is the thousands digit of 2597211329?
1
What is the tens digit of 19318381?
8
What is the ten millions digit of 60632425?
6
What is the thousands digit of 124031775?
1
What is the units digit of 37872104?
4
What is the ten millions digit of 71426464?
7
What is the units digit of 1740036?
6
What is the units digit of 76410059?
9
What is the hundreds digit of 2322238661?
6
What is the units digit of 1336141412?
2
What is the thousands digit of 32017480?
7
What is the hundred millions digit of 2667092611?
6
What is the units digit of 60995362?
2
What is the hundred thousands digit of 16304314?
3
What is the hundreds digit of 544409300?
3
What is the units digit of 95499835?
5
What is the ten millions digit of 160510995?
6
What is the ten thousands digit of 56350426?
5
What is the billions digit of 1070018158?
1
What is the thousands digit of 1759238112?
8
What is the hundred thousands digit of 94125086?
1
What is the ten thousands digit of 4638868688?
6
What is the ten thousands digit of 9094948382?
4
What is the thousands digit of 1206156311?
6
What is the hundreds digit of 289947560?
5
What is the hundred thousands digit of 6037268?
0
What is the millions digit of 285080384?
5
What is the ten thousands digit of 31551925?
5
What is the ten millions digit of 90360247?
9
What is the hundred millions digit of 527737759?
5
What is the hundred thousands digit of 1624648965?
6
What is the tens digit of 1573618276?
7
What is the thousands digit of 4246966?
6
What is the ten millions digit of 152159146?
5
What is the hundreds digit of 663752932?
9
What is the ten thousands digit of 98360630?
6
What is the ten thousands digit of 168046913?
4
What is the hundred thousands digit of 1297818393?
8
What is the hundred thous